s the hundred thousands digit of 172649?
1
What is the ten thousands digit of 14861?
1
What is the units digit of 307?
7
What is the tens digit of 846?
4
What is the tens digit of 5599?
9
What is the thousands digit of 1259?
1
What is the tens digit of 826?
2
What is the hundreds digit of 243?
2
What is the ten thousands digit of 11171?
1
What is the thousands digit of 77943?
7
What is the thousands digit of 6596?
6
What is the hundreds digit of 1742?
7
What is the units digit of 2389?
9
What is the ten thousands digit of 85422?
8
What is the thousands digit of 61372?
1
What is the units digit of 23207?
7
What is the tens digit of 11136?
3
What is the thousands digit of 1222?
1
What is the tens digit of 1415?
1
What is the units digit of 1149?
9
What is the tens digit of 8212?
1
What is the tens digit of 1725?
2
What is the thousands digit of 6001?
6
What is the tens digit of 6751?
5
What is the thousands digit of 4555?
4
What is the units digit of 21078?
8
What is the thousands digit of 4639?
4
What is the ten thousands digit of 22915?
2
What is the hundreds digit of 212?
2
What is the thousands digit of 2228?
2
What is the tens digit of 1588?
8
What is the thousands digit of 89047?
9
What is the hundreds digit of 1736?
7
What is the hundreds digit of 18895?
8
What is the hundreds digit of 90799?
7
What is the thousands digit of 3554?
3
What is the ten thousands digit of 12144?
1
What is the thousands digit of 4889?
4
What is the tens digit of 15216?
1
What is the thousands digit of 11502?
1
What is the thousands digit of 1688?
1
What is the units digit of 1863?
3
What is the hundreds digit of 1415?
4
What is the hundreds digit of 687?
6
What is the units digit of 424?
4
What is the units digit of 6708?
8
What is the thousands digit of 4598?
4
What is the tens digit of 1865?
6
What is the hundreds digit of 102?
1
What is the units digit of 18293?
3
What is the hundreds digit of 150?
1
What is the units digit of 744?
4
What is the tens digit of 8142?
4
What is the tens digit of 3648?
4
What is the hundreds digit of 27392?
3
What is the hundreds digit of 610?
6
What is the units digit of 511?
1
What is the thousands digit of 10993?
0
What is the hundreds digit of 9009?
0
What is the tens digit of 6235?
3
What is the hundreds digit of 608?
6
What is the hundreds digit of 2980?
9
What is the thousands digit of 42728?
2
What is the hundreds digit of 64649?
6
What is the thousands digit of 8689?
8
What is the tens digit of 11685?
8
What is the tens digit of 1026?
2
What is the thousands digit of 2247?
2
What is the hundreds digit of 1100?
1
What is the tens digit of 71865?
6
What is the thousands digit of 18946?
8
What is the thousands digit of 4874?
4
What is the tens digit of 51167?
6
What is the thousands digit of 28623?
8
What is the tens digit of 1132?
3
What is the tens digit of 909?
0
What is the tens digit of 8022?
2
What is the thousands digit of 19586?
9
What is the units digit of 20388?
8
What is the hundreds digit of 1058?
0
What is the units digit of 19?
9
What is the thousands digit of 64233?
4
What is the hundreds digit of 633?
6
What is the hundreds digit of 3026?
0
What is the tens digit of 90366?
6
What is the ten thousands digit of 22636?
2
What is the thousands digit of 7036?
7
What is the hundreds digit of 2328?
3
What is the hundreds digit of 14627?
6
What is the thousands digit of 5089?
5
What is the hundreds digit of 5859?
8
What is the units digit of 61?
1
What is the tens digit of 999?
9
What is the tens digit of 463?
6
What is the units digit of 152?
2
What is the hundreds digit of 1446?
4
What is the tens digit of 4158?
5
What is the thousands digit of 48866?
8
What is the hundreds digit of 6359?
3
What is the tens digit of 4661?
6
What is the ten thousands digit of 24097?
2
What is the ten thousands digit of 13903?
1
What is the tens digit of 14819?
1
What is the tens digit of 19846?
4
What is the hundreds digit of 5233?
2
What is the units digit of 907?
7
What is the ten thousands digit of 23702?
2
What is the units digit of 200?
0
What is the thousands digit of 1182?
1
What is the units digit of 165221?
1
What is the tens digit of 13790?
9
What is the thousands digit of 21356?
1
What is the tens digit of 56391?
9
What is the ten thousands digit of 39238?
3
What is the tens digit of 282?
8
What is the hundreds digit of 10187?
1
What is the hundreds digit of 97551?
5
What is the tens digit of 2049?
4
What is the tens digit of 462?
6
What is the thousands digit of 37371?
7
What is the thousands digit of 51255?
1
What is the ten thousands digit of 92923?
9
What is the tens digit of 1359?
5
What is the thousands digit of 16790?
6
What is the thousands digit of 84906?
4
What is the hundreds digit of 745?
7
What is the tens digit of 3801?
0
What is the units digit of 2988?
8
What is the hundreds digit of 21305?
3
What is the hundreds digit of 17825?
8
What is the tens digit of 7448?
4
What is the units digit of 16572?
2
What is the ten thousands digit of 128890?
2
What is the thousands digit of 1994?
1
What is the thousands digit of 40263?
0
What is the tens digit of 4050?
5
What is the tens digit of 12023?
2
What is the tens digit of 7468?
6
What is the tens digit of 36712?
1
What is the tens digit of 23805?
0
What is the hundreds digit of 815?
8
What is the hundreds digit of 1019?
0
What is the hundreds digit of 7721?
7
What is the hundreds digit of 79794?
7
What is the units digit of 1158?
8
What is the thousands digit of 6528?
6
What is the units digit of 48114?
4
What is the units digit of 4746?
6
What is the hundreds digit of 4555?
5
What is the tens digit of 1174?
7
What is the hundreds digit of 711?
7
What is the tens digit of 96014?
1
What is the thousands digit of 21896?
1
What is the thousands digit of 9521?
9
What is the units digit of 46539?
9
What is the thousands digit of 19104?
9
What is the ten thousands digit of 12637?
1
What is the hundreds digit of 12274?
2
What is the hundreds digit of 2895?
8
What is the thousands digit of 2938?
2
What is the ten thousands digit of 57653?
5
What is the units digit of 116381?
1
What is the thousands digit of 1574?
1
What is the ten thousands digit of 162961?
6
What is the thousands digit of 129344?
9
What is the units digit of 8120?
0
What is the thousands digit of 5975?
5
What is the hundreds digit of 875?
8
What is the tens digit of 851?
5
What is the tens digit of 64857?
5
What is the tens digit of 9179?
7
What is the thousands digit of 28081?
8
What is the thousands digit of 2159?
2
What is the units digit of 1161?
1
What is the units digit of 1759?
9
What is the tens digit of 252?
5
What is the hundreds digit of 314?
3
What is the units digit of 10264?
4
What is the thousands digit of 64291?
4
What is the ten thousands digit of 20893?
2
What is the hundreds digit of 48659?
6
What is the thousands digit of 1522?
1
What is the hundreds digit of 704?
7
What is the thousands digit of 5853?
5
What is the units digit of 1494?
4
What is the ten thousands digit of 70703?
7
What is the hundreds digit of 816?
8
What is the tens digit of 372?
7
What is the tens digit of 139?
3
What is the tens digit of 1390?
9
What is the thousands digit of 2366?
2
What is the tens digit of 96069?
6
What is the ten thousands digit of 110280?
1
What is the tens digit of 1925?
2
What is the units digit of 58808?
8
What is the ten thousands digit of 11089?
1
What is the hundreds digit of 4875?
8
What is the hundreds digit of 381?
3
What is the hundreds digit of 84790?
7
What is the hundreds digit of 3450?
4
What is the hundreds digit of 2977?
9
What is the ten thousands digit of 149311?
4
What is the units digit of 40514?
4
What is the units digit of 33258?
8
What is the hundreds digit of 1810?
8
What is the thousands digit of 3540?
3
What is the hundreds digit of 1100?
1
What is the units digit of 4314?
4
What is the units digit of 762?
2
What is the thousands digit of 1830?
1
What is the hundreds digit of 6543?
5
What is the tens digit of 3297?
9
What is the units digit of 1132?
2
What is the hundreds digit of 471?
4
What is the thousands digit of 2157?
2
What is the hundreds digit of 2067?
0
What is the tens digit of 21617?
1
What is the thousands digit of 14888?
4
What is the thousands d